{"id":2725,"date":"2022-09-01T03:36:08","date_gmt":"2022-09-01T02:47:38","guid":{"rendered":"https:\/\/cordomonte.com\/?post_type=product&#038;p=2725"},"modified":"2022-09-01T03:47:38","modified_gmt":"2022-09-01T02:47:38","slug":"pantalon-de-verano-beige","status":"publish","type":"product","link":"https:\/\/cordomonte.com\/es\/produtos\/pantalon-de-verano-beige\/","title":{"rendered":"Pantal\u00f3n de Verano Beige"},"content":{"rendered":"<p>Pantal\u00f3n de Verano Cor do Monte en Beige.<\/p>\n<p>&nbsp;<\/p>\n<p>&nbsp;<\/p>\n<p>.Adecuado para:<\/p>\n<p>-Caza de Verano;<\/p>\n<p>-Tiempo Seco.<\/p>\n<p>&nbsp;<\/p>\n<p>&nbsp;<\/p>\n<p>.Composici\u00f3n:\u00a0 50%Algod\u00f3n \/ 50% Poli\u00e9ster<\/p>\n","protected":false},"excerpt":{"rendered":"<p>Pantal\u00f3n de Verano Cor do Monte en Beige. &nbsp; &nbsp; .Adecuado para: -Caza de Verano; -Tiempo Seco. &nbsp; &nbsp; .Composici\u00f3n:\u00a0 50%Algod\u00f3n \/ 50% Poli\u00e9ster<\/p>\n","protected":false},"featured_media":2714,"comment_status":"open","ping_status":"closed","template":"","meta":{"_monsterinsights_skip_tracking":false,"_monsterinsights_sitenote_active":false,"_monsterinsights_sitenote_note":"","_monsterinsights_sitenote_category":0},"product_cat":[155],"product_tag":[],"yoast_head":"<!-- This site is optimized with the Yoast SEO plugin v19.10 - https:\/\/yoast.com\/wordpress\/plugins\/seo\/ -->\n<title>Pantal\u00f3n de Verano Beige - Cor do Monte<\/title>\n<meta name=\"robots\" content=\"index, follow, max-snippet:-1, max-image-preview:large, max-video-preview:-1\" \/>\n<link rel=\"canonical\" href=\"https:\/\/cordomonte.com\/es\/produtos\/pantalon-de-verano-beige\/\" \/>\n<meta property=\"og:locale\" content=\"es_ES\" \/>\n<meta property=\"og:type\" content=\"article\" \/>\n<meta property=\"og:title\" content=\"Pantal\u00f3n de Verano Beige - Cor do Monte\" \/>\n<meta property=\"og:description\" content=\"Pantal\u00f3n de Verano Cor do Monte en Beige. &nbsp; &nbsp; .Adecuado para: -Caza de Verano; -Tiempo Seco. &nbsp; &nbsp; .Composici\u00f3n:\u00a0 50%Algod\u00f3n \/ 50% Poli\u00e9ster\" \/>\n<meta property=\"og:url\" content=\"https:\/\/cordomonte.com\/es\/produtos\/pantalon-de-verano-beige\/\" \/>\n<meta property=\"og:site_name\" content=\"Cor do Monte\" \/>\n<meta property=\"og:image\" content=\"https:\/\/cordomonte.com\/wp-content\/uploads\/2022\/09\/Cal-1_Front_Cor-do-monte-1.jpg\" \/>\n\t<meta property=\"og:image:width\" content=\"2008\" \/>\n\t<meta property=\"og:image:height\" content=\"2560\" \/>\n\t<meta property=\"og:image:type\" content=\"image\/jpeg\" \/>\n<meta name=\"twitter:card\" content=\"summary_large_image\" \/>\n<meta name=\"twitter:label1\" content=\"Tiempo de lectura\" \/>\n\t<meta name=\"twitter:data1\" content=\"1 minuto\" \/>\n<script type=\"application\/ld+json\" class=\"yoast-schema-graph\">{\"@context\":\"https:\/\/schema.org\",\"@graph\":[{\"@type\":\"WebPage\",\"@id\":\"https:\/\/cordomonte.com\/es\/produtos\/pantalon-de-verano-beige\/\",\"url\":\"https:\/\/cordomonte.com\/es\/produtos\/pantalon-de-verano-beige\/\",\"name\":\"Pantal\u00f3n de Verano Beige - Cor do Monte\",\"isPartOf\":{\"@id\":\"https:\/\/cordomonte.com\/#website\"},\"datePublished\":\"2022-09-01T02:47:38+00:00\",\"dateModified\":\"2022-09-01T02:47:38+00:00\",\"breadcrumb\":{\"@id\":\"https:\/\/cordomonte.com\/es\/produtos\/pantalon-de-verano-beige\/#breadcrumb\"},\"inLanguage\":\"es\",\"potentialAction\":[{\"@type\":\"ReadAction\",\"target\":[\"https:\/\/cordomonte.com\/es\/produtos\/pantalon-de-verano-beige\/\"]}]},{\"@type\":\"BreadcrumbList\",\"@id\":\"https:\/\/cordomonte.com\/es\/produtos\/pantalon-de-verano-beige\/#breadcrumb\",\"itemListElement\":[{\"@type\":\"ListItem\",\"position\":1,\"name\":\"In\u00edcio\",\"item\":\"https:\/\/cordomonte.com\/es\/\"},{\"@type\":\"ListItem\",\"position\":2,\"name\":\"Tienda\",\"item\":\"https:\/\/cordomonte.com\/es\/tienda\/\"},{\"@type\":\"ListItem\",\"position\":3,\"name\":\"Pantal\u00f3n de Verano Beige\"}]},{\"@type\":\"WebSite\",\"@id\":\"https:\/\/cordomonte.com\/#website\",\"url\":\"https:\/\/cordomonte.com\/\",\"name\":\"Cor do Monte\",\"description\":\"Vestu\u00e1rio de Ca\u00e7a\",\"publisher\":{\"@id\":\"https:\/\/cordomonte.com\/#organization\"},\"potentialAction\":[{\"@type\":\"SearchAction\",\"target\":{\"@type\":\"EntryPoint\",\"urlTemplate\":\"https:\/\/cordomonte.com\/?s={search_term_string}\"},\"query-input\":\"required name=search_term_string\"}],\"inLanguage\":\"es\"},{\"@type\":\"Organization\",\"@id\":\"https:\/\/cordomonte.com\/#organization\",\"name\":\"Cor do Monte\",\"url\":\"https:\/\/cordomonte.com\/\",\"logo\":{\"@type\":\"ImageObject\",\"inLanguage\":\"es\",\"@id\":\"https:\/\/cordomonte.com\/#\/schema\/logo\/image\/\",\"url\":\"https:\/\/cordomonte.com\/wp-content\/uploads\/2020\/08\/logo-e1598863345149.png\",\"contentUrl\":\"https:\/\/cordomonte.com\/wp-content\/uploads\/2020\/08\/logo-e1598863345149.png\",\"width\":500,\"height\":195,\"caption\":\"Cor do Monte\"},\"image\":{\"@id\":\"https:\/\/cordomonte.com\/#\/schema\/logo\/image\/\"}}]}<\/script>\n<!-- \/ Yoast SEO plugin. -->","yoast_head_json":{"title":"Pantal\u00f3n de Verano Beige - Cor do Monte","robots":{"index":"index","follow":"follow","max-snippet":"max-snippet:-1","max-image-preview":"max-image-preview:large","max-video-preview":"max-video-preview:-1"},"canonical":"https:\/\/cordomonte.com\/es\/produtos\/pantalon-de-verano-beige\/","og_locale":"es_ES","og_type":"article","og_title":"Pantal\u00f3n de Verano Beige - Cor do Monte","og_description":"Pantal\u00f3n de Verano Cor do Monte en Beige. &nbsp; &nbsp; .Adecuado para: -Caza de Verano; -Tiempo Seco. &nbsp; &nbsp; .Composici\u00f3n:\u00a0 50%Algod\u00f3n \/ 50% Poli\u00e9ster","og_url":"https:\/\/cordomonte.com\/es\/produtos\/pantalon-de-verano-beige\/","og_site_name":"Cor do Monte","og_image":[{"width":2008,"height":2560,"url":"https:\/\/cordomonte.com\/wp-content\/uploads\/2022\/09\/Cal-1_Front_Cor-do-monte-1.jpg","type":"image\/jpeg"}],"twitter_card":"summary_large_image","twitter_misc":{"Tiempo de lectura":"1 minuto"},"schema":{"@context":"https:\/\/schema.org","@graph":[{"@type":"WebPage","@id":"https:\/\/cordomonte.com\/es\/produtos\/pantalon-de-verano-beige\/","url":"https:\/\/cordomonte.com\/es\/produtos\/pantalon-de-verano-beige\/","name":"Pantal\u00f3n de Verano Beige - Cor do Monte","isPartOf":{"@id":"https:\/\/cordomonte.com\/#website"},"datePublished":"2022-09-01T02:47:38+00:00","dateModified":"2022-09-01T02:47:38+00:00","breadcrumb":{"@id":"https:\/\/cordomonte.com\/es\/produtos\/pantalon-de-verano-beige\/#breadcrumb"},"inLanguage":"es","potentialAction":[{"@type":"ReadAction","target":["https:\/\/cordomonte.com\/es\/produtos\/pantalon-de-verano-beige\/"]}]},{"@type":"BreadcrumbList","@id":"https:\/\/cordomonte.com\/es\/produtos\/pantalon-de-verano-beige\/#breadcrumb","itemListElement":[{"@type":"ListItem","position":1,"name":"In\u00edcio","item":"https:\/\/cordomonte.com\/es\/"},{"@type":"ListItem","position":2,"name":"Tienda","item":"https:\/\/cordomonte.com\/es\/tienda\/"},{"@type":"ListItem","position":3,"name":"Pantal\u00f3n de Verano Beige"}]},{"@type":"WebSite","@id":"https:\/\/cordomonte.com\/#website","url":"https:\/\/cordomonte.com\/","name":"Cor do Monte","description":"Vestu\u00e1rio de Ca\u00e7a","publisher":{"@id":"https:\/\/cordomonte.com\/#organization"},"potentialAction":[{"@type":"SearchAction","target":{"@type":"EntryPoint","urlTemplate":"https:\/\/cordomonte.com\/?s={search_term_string}"},"query-input":"required name=search_term_string"}],"inLanguage":"es"},{"@type":"Organization","@id":"https:\/\/cordomonte.com\/#organization","name":"Cor do Monte","url":"https:\/\/cordomonte.com\/","logo":{"@type":"ImageObject","inLanguage":"es","@id":"https:\/\/cordomonte.com\/#\/schema\/logo\/image\/","url":"https:\/\/cordomonte.com\/wp-content\/uploads\/2020\/08\/logo-e1598863345149.png","contentUrl":"https:\/\/cordomonte.com\/wp-content\/uploads\/2020\/08\/logo-e1598863345149.png","width":500,"height":195,"caption":"Cor do Monte"},"image":{"@id":"https:\/\/cordomonte.com\/#\/schema\/logo\/image\/"}}]}},"_links":{"self":[{"href":"https:\/\/cordomonte.com\/es\/wp-json\/wp\/v2\/product\/2725"}],"collection":[{"href":"https:\/\/cordomonte.com\/es\/wp-json\/wp\/v2\/product"}],"about":[{"href":"https:\/\/cordomonte.com\/es\/wp-json\/wp\/v2\/types\/product"}],"replies":[{"embeddable":true,"href":"https:\/\/cordomonte.com\/es\/wp-json\/wp\/v2\/comments?post=2725"}],"wp:featuredmedia":[{"embeddable":true,"href":"https:\/\/cordomonte.com\/es\/wp-json\/wp\/v2\/media\/2714"}],"wp:attachment":[{"href":"https:\/\/cordomonte.com\/es\/wp-json\/wp\/v2\/media?parent=2725"}],"wp:term":[{"taxonomy":"product_cat","embeddable":true,"href":"https:\/\/cordomonte.com\/es\/wp-json\/wp\/v2\/product_cat?post=2725"},{"taxonomy":"product_tag","embeddable":true,"href":"https:\/\/cordomonte.com\/es\/wp-json\/wp\/v2\/product_tag?post=2725"}],"curies":[{"name":"wp","href":"https:\/\/api.w.org\/{rel}","templated":true}]}}

Pantalón de Verano Beige

<p>Pantalón de Verano Cor do Monte en Beige.</p>
<p>&nbsp;</p>
<p>&nbsp;</p>
<p>.Adecuado para:</p>
<p>-Caza de Verano;</p>
<p>-Tiempo Seco.</p>
<p>&nbsp;</p>
<p>&nbsp;</p>
<p>.Composición:  50%Algodón / 50% Poliéster</p>

<p>Pantalón de Verano Cor do Monte en Beige. &nbsp; &nbsp; .Adecuado para: -Caza de Verano; -Tiempo Seco. &nbsp; &nbsp; .Composición:  50%Algodón / 50% Poliéster</p>

<!-- This site is optimized with the Yoast SEO plugin v19.10 - https://yoast.com/wordpress/plugins/seo/ -->
<title>Pantalón de Verano Beige - Cor do Monte</title>
<meta name="robots" content="index, follow, max-snippet:-1, max-image-preview:large, max-video-preview:-1" />
<link rel="canonical" href="https://cordomonte.com/es/produtos/pantalon-de-verano-beige/" />
<meta property="og:locale" content="es_ES" />
<meta property="og:type" content="article" />
<meta property="og:title" content="Pantalón de Verano Beige - Cor do Monte" />
<meta property="og:description" content="Pantalón de Verano Cor do Monte en Beige. &nbsp; &nbsp; .Adecuado para: -Caza de Verano; -Tiempo Seco. &nbsp; &nbsp; .Composición:  50%Algodón / 50% Poliéster" />
<meta property="og:url" content="https://cordomonte.com/es/produtos/pantalon-de-verano-beige/" />
<meta property="og:site_name" content="Cor do Monte" />
<meta property="og:image" content="https://cordomonte.com/wp-content/uploads/2022/09/Cal-1_Front_Cor-do-monte-1.jpg" />
	<meta property="og:image:width" content="2008" />
	<meta property="og:image:height" content="2560" />
	<meta property="og:image:type" content="image/jpeg" />
<meta name="twitter:card" content="summary_large_image" />
<meta name="twitter:label1" content="Tiempo de lectura" />
	<meta name="twitter:data1" content="1 minuto" />
<script type="application/ld+json" class="yoast-schema-graph">{"@context":"https://schema.org","@graph":[{"@type":"WebPage","@id":"https://cordomonte.com/es/produtos/pantalon-de-verano-beige/","url":"https://cordomonte.com/es/produtos/pantalon-de-verano-beige/","name":"Pantalón de Verano Beige - Cor do Monte","isPartOf":{"@id":"https://cordomonte.com/#website"},"datePublished":"2022-09-01T02:47:38+00:00","dateModified":"2022-09-01T02:47:38+00:00","breadcrumb":{"@id":"https://cordomonte.com/es/produtos/pantalon-de-verano-beige/#breadcrumb"},"inLanguage":"es","potentialAction":[{"@type":"ReadAction","target":["https://cordomonte.com/es/produtos/pantalon-de-verano-beige/"]}]},{"@type":"BreadcrumbList","@id":"https://cordomonte.com/es/produtos/pantalon-de-verano-beige/#breadcrumb","itemListElement":[{"@type":"ListItem","position":1,"name":"Início","item":"https://cordomonte.com/es/"},{"@type":"ListItem","position":2,"name":"Tienda","item":"https://cordomonte.com/es/tienda/"},{"@type":"ListItem","position":3,"name":"Pantalón de Verano Beige"}]},{"@type":"WebSite","@id":"https://cordomonte.com/#website","url":"https://cordomonte.com/","name":"Cor do Monte","description":"Vestuário de Caça","publisher":{"@id":"https://cordomonte.com/#organization"},"potentialAction":[{"@type":"SearchAction","target":{"@type":"EntryPoint","urlTemplate":"https://cordomonte.com/?s={search_term_string}"},"query-input":"required name=search_term_string"}],"inLanguage":"es"},{"@type":"Organization","@id":"https://cordomonte.com/#organization","name":"Cor do Monte","url":"https://cordomonte.com/","logo":{"@type":"ImageObject","inLanguage":"es","@id":"https://cordomonte.com/#/schema/logo/image/","url":"https://cordomonte.com/wp-content/uploads/2020/08/logo-e1598863345149.png","contentUrl":"https://cordomonte.com/wp-content/uploads/2020/08/logo-e1598863345149.png","width":500,"height":195,"caption":"Cor do Monte"},"image":{"@id":"https://cordomonte.com/#/schema/logo/image/"}}]}</script>
<!-- / Yoast SEO plugin. -->

Pantalón de Verano Beige - Cor do Monte

Pantalón de Verano Cor do Monte en Beige. &nbsp; &nbsp; .Adecuado para: -Caza de Verano; -Tiempo Seco. &nbsp; &nbsp; .Composición:  50%Algodón / 50% Poliéster

Início

Vestuário de Caça
